at is the hundreds digit of 573004?
0
What is the thousands digit of 233167?
3
What is the hundreds digit of 792144?
1
What is the tens digit of 1786233?
3
What is the tens digit of 916065?
6
What is the thousands digit of 1010307?
0
What is the millions digit of 11139466?
1
What is the hundred thousands digit of 30948372?
9
What is the millions digit of 6536289?
6
What is the thousands digit of 143080?
3
What is the ten thousands digit of 204116?
0
What is the units digit of 16449045?
5
What is the thousands digit of 925740?
5
What is the hundreds digit of 306175?
1
What is the hundred thousands digit of 5301530?
3
What is the thousands digit of 291982?
1
What is the hundreds digit of 2308367?
3
What is the tens digit of 2873628?
2
What is the hundreds digit of 528523?
5
What is the hundreds digit of 1590?
5
What is the hundred thousands digit of 1579653?
5
What is the ten thousands digit of 2660193?
6
What is the units digit of 1040654?
4
What is the tens digit of 4787872?
7
What is the thousands digit of 687237?
7
What is the ten thousands digit of 974192?
7
What is the hundreds digit of 381439?
4
What is the thousands digit of 279825?
9
What is the tens digit of 521312?
1
What is the hundreds digit of 1755433?
4
What is the units digit of 90941?
1
What is the hundred thousands digit of 13272213?
2
What is the tens digit of 138860?
6
What is the hundreds digit of 11844444?
4
What is the tens digit of 777063?
6
What is the tens digit of 2384519?
1
What is the hundreds digit of 5647275?
2
What is the hundred thousands digit of 524646?
5
What is the ten thousands digit of 10301910?
0
What is the tens digit of 121630?
3
What is the ten millions digit of 12943822?
1
What is the tens digit of 56398?
9
What is the ten thousands digit of 71162?
7
What is the units digit of 98536?
6
What is the units digit of 1641801?
1
What is the thousands digit of 505404?
5
What is the tens digit of 3946715?
1
What is the thousands digit of 94311?
4
What is the hundred thousands digit of 1122430?
1
What is the hundred thousands digit of 186111?
1
What is the thousands digit of 413658?
3
What is the ten thousands digit of 342597?
4
What is the thousands digit of 7270426?
0
What is the hundreds digit of 35333134?
1
What is the hundreds digit of 12202110?
1
What is the hundreds digit of 62383?
3
What is the thousands digit of 9561669?
1
What is the units digit of 27981?
1
What is the thousands digit of 209932?
9
What is the ten thousands digit of 43009?
4
What is the millions digit of 3872328?
3
What is the tens digit of 225771?
7
What is the hundreds digit of 54288?
2
What is the hundreds digit of 156907?
9
What is the units digit of 14093?
3
What is the thousands digit of 238627?
8
What is the ten thousands digit of 1157531?
5
What is the ten thousands digit of 1565958?
6
What is the ten thousands digit of 15889317?
8
What is the thousands digit of 405204?
5
What is the ten thousands digit of 3760670?
6
What is the units digit of 164769?
9
What is the units digit of 40751?
1
What is the thousands digit of 1503208?
3
What is the tens digit of 4021068?
6
What is the units digit of 9186088?
8
What is the units digit of 210145?
5
What is the thousands digit of 425049?
5
What is the tens digit of 46058?
5
What is the millions digit of 4769542?
4
What is the ten thousands digit of 206899?
0
What is the millions digit of 4949492?
4
What is the hundreds digit of 101964?
9
What is the hundreds digit of 1430927?
9
What is the tens digit of 115347?
4
What is the hundred thousands digit of 117229?
1
What is the tens digit of 1044337?
3
What is the thousands digit of 500734?
0
What is the thousands digit of 81679?
1
What is the tens digit of 4413968?
6
What is the tens digit of 1050811?
1
What is the hundreds digit of 4447708?
7
What is the hundred thousands digit of 173801?
1
What is the thousands digit of 1608100?
8
What is the hundreds digit of 693609?
6
What is the hundred thousands digit of 1234465?
2
What is the units digit of 1021665?
5
What is the ten thousands digit of 1604336?
0
What is the hundreds digit of 22470067?
0
What is the hundreds digit of 1454533?
5
What is the ten thousands digit of 117781?
1
What is the units digit of 7306909?
9
What is the hundred thousands digit of 21516137?
5
What is the units digit of 238142?
2
What is the hundreds digit of 256922?
9
What is the tens digit of 2652780?
8
What is the units digit of 1478374?
4
What is the units digit of 2164171?
1
What is the hundreds digit of 2318904?
9
What is the hundreds digit of 77070?
0
What is the thousands digit of 3633095?
3
What is the ten thousands digit of 716070?
1
What is the units digit of 19113058?
8
What is the thousands digit of 727219?
7
What is the thousands digit of 181806?
1
What is the tens digit of 29633597?
9
What is the ten thousands digit of 2335560?
3
What is the hundreds digit of 11647405?
4
What is the millions digit of 28004241?
8
What is the hundred thousands digit of 738169?
7
What is the millions digit of 14430637?
4
What is the hundreds digit of 750971?
9
What is the units digit of 44822533?
3
What is the thousands digit of 2037763?
7
What is the hundreds digit of 3123822?
8
What is the units digit of 23114?
4
What is the tens digit of 842479?
7
What is the ten millions digit of 18686996?
1
What is the millions digit of 1521961?
1
What is the units digit of 21297425?
5
What is the tens digit of 4095907?
0
What is the tens digit of 6349819?
1
What is the hundred thousands digit of 4623523?
6
What is the hundreds digit of 171309?
3
What is the tens digit of 3371947?
4
What is the hundred thousands digit of 16441374?
4
What is the millions digit of 1154920?
1
What is the tens digit of 3587000?
0
What is the hundreds digit of 6038726?
7
What is the tens digit of 88647?
4
What is the units digit of 3186464?
4
What is the units digit of 22123065?
5
What is the thousands digit of 94582?
4
What is the tens digit of 191330?
3
What is the tens digit of 388352?
5
What is the thousands digit of 438197?
8
What is the ten thousands digit of 22958637?
5
What is the ten thousands digit of 235779?
3
What is the tens digit of 6987138?
3
What is the ten thousands digit of 14967334?
6
What is the millions digit of 1679469?
1
What is the thousands digit of 563900?
3
What is the millions digit of 6947749?
6
What is the ten millions digit of 24979300?
2
What is the hundred thousands digit of 1192094?
1
What is the units digit of 2914280?
0
What is the thousands digit of 40882?
0
What is the ten thousands digit of 193237?
9
What is the hundreds digit of 4566274?
2
What is the ten thousands digit of 9570344?
7
What is the tens digit of 35739?
3
What is the tens digit of 919363?
6
What is the hundreds digit of 51752?
7
What is the tens digit of 2699771?
7
What is the thousands digit of 1437221?
7
What is the millions digit of 19734833?
9
What is the ten thousands digit of 32638?
3
What is the millions digit of 2499877?
2
What is the tens digit of 6025512?
1
What is the ten thousands digit of 14078170?
7
What is the thousands digit of 17516?
7
What is the units digit of 13309087?
7
What is the tens digit of 1042498?
9
What is the ten thousands digit of 165592?
6
What is the units digit of 777101?
1
What is the hundred thousands digit of 386892?
3
What is the tens digit of 38805?
0
What is the tens digit of 4546034?
3
What is the ten thousands digit of 4366744?
6
What is the units digit of 136314?
4
What is the millions digit of 10986240?
0
What is the thousands digit of 650564?
0
What is the tens digit of 20113130?
3
What is the thousands digit of 380701?
0
What is the tens digit of 288748?
4
What is the tens digit of 7856238?
3
What is the hundreds digit of 11944629?
6
What is the tens digit of 2971430?
3
What is the ten thousands digit of 269297?
6
What is the hundreds digit of 133716?
7
What is the thousands digit of 7844311?
4
What is the thousands digit of 347275?
7
What is the thousands digit of 377697?
7
What is the units digit of 33450?
0
What is the millions digit of 20448210?
0
What is the units digit of 191265?
5
What is the millions digit of 1519702?
1
What is the hundreds digit of 976171?
1
What is the hundreds digit of 135368?
3
What is the units digit of 170547?
7
What is the